on divisor of 2032 and 1145104?
16
What is the highest common divisor of 308 and 1541100?
44
What is the highest common divisor of 21462 and 33922?
14
Calculate the greatest common divisor of 4536 and 122584.
56
Calculate the greatest common divisor of 110 and 100043746.
22
What is the greatest common divisor of 11960 and 874211?
13
What is the highest common factor of 922955 and 2425?
485
What is the greatest common divisor of 22348640 and 117760?
3680
What is the greatest common factor of 56170 and 6015?
5
Calculate the greatest common divisor of 2231115 and 99615.
435
What is the greatest common factor of 259083 and 1584?
99
What is the highest common factor of 1383660 and 2520?
180
What is the greatest common factor of 119 and 29393504?
7
Calculate the highest common factor of 17184615 and 416325.
6405
Calculate the greatest common factor of 11001 and 119643.
57
Calculate the highest common divisor of 1408 and 3686528.
128
What is the greatest common divisor of 98 and 155680?
14
Calculate the highest common factor of 50337 and 11952241.
5593
Calculate the highest common divisor of 302930 and 560.
10
What is the highest common divisor of 139760617 and 151?
151
What is the highest common divisor of 3437902 and 42458?
598
Calculate the greatest common divisor of 3113544 and 5656875.
9051
What is the greatest common factor of 2040 and 15910770?
30
What is the highest common factor of 30 and 10898349?
3
What is the highest common divisor of 18986 and 7109394?
1726
What is the highest common factor of 168150 and 81795?
285
What is the greatest common divisor of 21823 and 1099?
157
What is the greatest common divisor of 95954868 and 171?
9
Calculate the highest common divisor of 1111 and 19666013.
101
What is the greatest common divisor of 7364372 and 670?
134
Calculate the greatest common divisor of 14250080 and 884.
884
What is the greatest common divisor of 112455 and 15759?
153
Calculate the greatest common factor of 6088 and 1238147.
761
Calculate the greatest common factor of 5921104 and 12656.
112
What is the highest common divisor of 2887094 and 4?
2
What is the greatest common divisor of 1214840 and 597256?
968
What is the greatest common factor of 1559908280 and 280?
280
Calculate the greatest common factor of 15005891 and 1457.
31
What is the highest common divisor of 459096 and 47?
47
What is the greatest common divisor of 3431616 and 34160?
976
Calculate the highest common factor of 57350 and 6166050.
1850
What is the highest common factor of 4519190 and 130?
130
What is the highest common divisor of 445 and 136370?
5
What is the highest common divisor of 1172 and 2480831?
293
What is the highest common factor of 21177417 and 7077?
1011
Calculate the highest common divisor of 11429 and 2006309.
1039
What is the greatest common divisor of 97218 and 5478?
66
What is the highest common divisor of 5174 and 7167184?
398
Calculate the highest common factor of 124341 and 279465.
93
Calculate the greatest common factor of 2614257 and 459.
9
Calculate the highest common factor of 6 and 32445978.
6
What is the highest common divisor of 1491994 and 17537?
1349
Calculate the highest common divisor of 82532135 and 2199.
733
Calculate the greatest common factor of 13419 and 570059.
497
What is the greatest common divisor of 1209967 and 15631?
319
What is the greatest common divisor of 470 and 17540?
10
What is the greatest common factor of 1296 and 1341603?
81
Calculate the greatest common factor of 11 and 151001653.
11
Calculate the highest common divisor of 160755 and 840.
105
What is the highest common divisor of 34840 and 52520?
520
What is the greatest common factor of 1876318 and 118?
118
What is the greatest common factor of 1020315 and 8581215?
4065
What is the highest common factor of 18578178 and 981?
981
What is the highest common divisor of 125172205 and 604?
151
What is the highest common divisor of 3605865 and 17682?
1263
What is the highest common factor of 22241748 and 84?
12
What is the greatest common divisor of 13762568 and 88?
8
Calculate the highest common factor of 544131 and 96579.
189
What is the greatest common factor of 7759887 and 15?
3
Calculate the highest common factor of 3163685 and 445.
5
What is the greatest common factor of 274318370 and 370?
370
What is the greatest common factor of 3882 and 281081386?
1294
Calculate the greatest common divisor of 465 and 2449031.
31
What is the greatest common divisor of 22211698 and 23?
23
Calculate the highest common factor of 3227490 and 14.
14
What is the highest common factor of 966680 and 679965?
715
Calculate the greatest common divisor of 88130 and 9800.
70
Calculate the greatest common divisor of 213 and 14443317.
213
Calculate the greatest common factor of 35395958 and 52.
26
What is the highest common factor of 495 and 35992715?
55
What is the greatest common divisor of 10215153 and 109?
109
What is the greatest common divisor of 26224 and 3935984?
2384
Calculate the highest common factor of 946125 and 334125.
1125
Calculate the greatest common factor of 308367 and 21753.
9
What is the greatest common factor of 15827209 and 2546?
1273
What is the highest common factor of 6079249 and 143?
11
Calculate the highest common factor of 18264399 and 249.
249
Calculate the greatest common factor of 6642 and 94338.
54
What is the greatest common divisor of 4516684 and 1952?
244
What is the highest common divisor of 178523454 and 549?
183
Calculate the greatest common divisor of 4964784 and 4752.
528
What is the greatest common divisor of 15673616 and 128?
16
What is the highest common factor of 175449 and 360687?
753
What is the greatest common factor of 90702312 and 168?
24
Calculate the greatest common factor of 65052 and 229671.
117
Calculate the highest common factor of 174304188 and 888.
444
Calculate the highest common factor of 390180 and 8540.
140
What is the greatest common factor of 345 and 11865?
15
What is the highest common divisor of 3086157 and 426?
213
Calculate the greatest common factor of 3612 and 27974940.
3612
Calculate the greatest common factor of 2802 and 48668872.
934
What is the highest common divisor of 16075920 and 54096?
2352
What is the highest common factor of 18586392 and 1656?
552
Calculate the greatest common factor of 18124 and 8741564.
92
What is the greatest common divisor of 173943 and 248724?
63
Calculate the highest common factor of 3404863 and 104027.
539
Calculate the greatest common divisor of 14230836 and 9384.
4692
Calculate the highest common factor of 55239504 and 120.
24
Calculate the highest common divisor of 331390 and 398660.
310
Calculate the greatest common factor of 4339325 and 1625.
25
What is the highest common divisor of 6728042 and 78674?
566
What is the highest common factor of 34162 and 2350294357?
17081
Calculate the highest common divisor of 20 and 1504955.
5
What is the greatest common divisor of 2788 and 4855999?
697
Calculate the highest common factor of 200448 and 910629.
783
What is the highest common divisor of 22770505 and 3490?
1745
What is the highest common divisor of 1215 and 132978915?
405
Calculate the highest common divisor of 17476716 and 1164.
12
What is the highest common divisor of 4856532 and 7503?
123
Calculate the greatest common divisor of 1788 and 33193326.
894
What is the greatest common factor of 959 and 40836412?
137
What is the highest common factor of 41684 and 4044?
4
Calculate the greatest common factor of 539747024 and 5072.
5072
What is the greatest common divisor of 4033 and 895128383?
4033
Calculate the highest common factor of 2683824 and 12342.
1122
What is the greatest common divisor of 11085585 and 8?
1
What is the greatest common divisor of 46907 and 5047?
7
Calculate the highest common divisor of 6623 and 222259.
37
Calculate the greatest common divisor of 26992 and 78148.
28
What is the highest common divisor of 33425 and 225380?
955
Calculate the greatest common factor of 1020111488 and 1804.
1804
Calculate the highest common divisor of 286 and 6528262.
26
What is the greatest common divisor of 206099 and 36378?
43
What is the highest common factor of 14665067 and 34?
17
Calculate the greatest common divisor of 17721 and 71181319.
1969
What is the highest common divisor 